ors of 9295.
5, 11, 13
List the prime factors of 1532.
2, 383
List the prime factors of 1179.
3, 131
What are the prime factors of 32215?
5, 17, 379
What are the prime factors of 1563?
3, 521
List the prime factors of 35287.
7, 71
What are the prime factors of 11316?
2, 3, 23, 41
What are the prime factors of 4192?
2, 131
What are the prime factors of 139?
139
List the prime factors of 10876.
2, 2719
What are the prime factors of 19719?
3, 7, 313
List the prime factors of 86300.
2, 5, 863
List the prime factors of 20945.
5, 59, 71
List the prime factors of 9206.
2, 4603
List the prime factors of 12641.
12641
List the prime factors of 14413.
7, 29, 71
List the prime factors of 1402.
2, 701
List the prime factors of 6316.
2, 1579
What are the prime factors of 2077?
31, 67
What are the prime factors of 2350?
2, 5, 47
What are the prime factors of 5698?
2, 7, 11, 37
What are the prime factors of 1267?
7, 181
What are the prime factors of 83185?
5, 127, 131
List the prime factors of 3688.
2, 461
What are the prime factors of 65395?
5, 11, 29, 41
List the prime factors of 872.
2, 109
List the prime factors of 2519.
11, 229
What are the prime factors of 2640?
2, 3, 5, 11
List the prime factors of 24043.
24043
What are the prime factors of 55?
5, 11
What are the prime factors of 4911?
3, 1637
What are the prime factors of 57057?
3, 7, 11, 13, 19
What are the prime factors of 58808?
2, 7351
What are the prime factors of 3042?
2, 3, 13
List the prime factors of 17458.
2, 7, 29, 43
List the prime factors of 13735.
5, 41, 67
What are the prime factors of 14403?
3, 4801
List the prime factors of 19836.
2, 3, 19, 29
List the prime factors of 2139.
3, 23, 31
List the prime factors of 3419.
13, 263
List the prime factors of 5847.
3, 1949
What are the prime factors of 60505?
5, 12101
What are the prime factors of 2086?
2, 7, 149
What are the prime factors of 95696?
2, 5981
List the prime factors of 971.
971
List the prime factors of 5236.
2, 7, 11, 17
List the prime factors of 1816.
2, 227
What are the prime factors of 196?
2, 7
What are the prime factors of 872?
2, 109
What are the prime factors of 18233?
18233
What are the prime factors of 19022?
2, 9511
What are the prime factors of 2815?
5, 563
List the prime factors of 30.
2, 3, 5
List the prime factors of 761.
761
What are the prime factors of 50961?
3, 16987
List the prime factors of 1721.
1721
What are the prime factors of 103193?
37, 2789
List the prime factors of 5908.
2, 7, 211
What are the prime factors of 2804?
2, 701
List the prime factors of 1499.
1499
What are the prime factors of 102125?
5, 19, 43
What are the prime factors of 22689?
3, 2521
List the prime factors of 690.
2, 3, 5, 23
What are the prime factors of 3749?
23, 163
What are the prime factors of 41468?
2, 7, 1481
What are the prime factors of 1561?
7, 223
What are the prime factors of 4487?
7, 641
List the prime factors of 1558.
2, 19, 41
List the prime factors of 5131.
7, 733
What are the prime factors of 1116?
2, 3, 31
List the prime factors of 3830.
2, 5, 383
List the prime factors of 2634.
2, 3, 439
What are the prime factors of 2206?
2, 1103
What are the prime factors of 9188?
2, 2297
List the prime factors of 3244.
2, 811
List the prime factors of 25194.
2, 3, 13, 17, 19
List the prime factors of 19905.
3, 5, 1327
List the prime factors of 83521.
17
What are the prime factors of 8969?
8969
List the prime factors of 121298.
2, 60649
What are the prime factors of 382?
2, 191
What are the prime factors of 3756?
2, 3, 313
What are the prime factors of 26?
2, 13
What are the prime factors of 40793?
19, 113
List the prime factors of 10683.
3, 1187
What are the prime factors of 8186?
2, 4093
List the prime factors of 34027.
7, 4861
List the prime factors of 82189.
82189
List the prime factors of 396.
2, 3, 11
What are the prime factors of 103082?
2, 7, 37, 199
List the prime factors of 21025.
5, 29
What are the prime factors of 269?
269
List the prime factors of 16929.
3, 11, 19
What are the prime factors of 9624?
2, 3, 401
What are the prime factors of 4609?
11, 419
List the prime factors of 21252.
2, 3, 7, 11, 23
List the prime factors of 6899.
6899
List the prime factors of 10912.
2, 11, 31
List the prime factors of 901.
17, 53
List the prime factors of 103183.
103183
List the prime factors of 11794.
2, 5897
What are the prime factors of 7213?
7213
List the prime factors of 82653.
3, 27551
List the prime factors of 4278.
2, 3, 23, 31
What are the prime factors of 1342?
2, 11, 61
List the prime factors of 551.
19, 29
What are the prime factors of 2037?
3, 7, 97
List the prime factors of 12547.
12547
What are the prime factors of 7193?
7193
What are the prime factors of 8199?
3, 911
List the prime factors of 2010.
2, 3, 5, 67
List the prime factors of 207.
3, 23
What are the prime factors of 25274?
2, 12637
What are the prime factors of 51425?
5, 11, 17
What are the prime factors of 116?
2, 29
What are the prime factors of 291?
3, 97
What are the prime factors of 41540?
2, 5, 31, 67
List the prime factors of 11353.
11353
What are the prime factors of 30592?
2, 239
What are the prime factors of 21672?
2, 3, 7, 43
List the prime factors of 235.
5, 47
What are the prime factors of 1104?
2, 3, 23
List the prime factors of 381.
3, 127
List the prime factors of 17819.
103, 173
List the prime factors of 146667.
3, 48889
List the prime factors of 4623.
3, 23, 67
What are the prime factors of 5774?
2, 2887
List the prime factors of 12264.
2, 3, 7, 73
What are the prime factors of 1875?
3, 5
List the prime factors of 1055.
5, 211
List the prime factors of 10329.
3, 11, 313
What are the prime factors of 40159?
7, 5737
What are the prime factors of 1843?
19, 97
List the prime factors of 20303.
79, 257
What are the prime factors of 65848?
2, 8231
What are the prime factors of 1088?
2, 17
List the prime factors of 3984.
2, 3, 83
What are the prime factors of 1805?
5, 19
What are the prime factors of 295?
5, 59
What are the prime factors of 320?
2, 5
List the prime factors of 31554.
2, 3, 1753
What are the prime factors of 22325?
5, 19, 47
What are the prime factors of 2186?
2, 1093
List the prime factors of 7873.
7873
List the prime factors of 987.
3, 7, 47
List the prime factors of 125461.
7, 17923
What are the prime factors of 68874?
2, 3, 13, 883
List the prime factors of 8579.
23, 373
What are the prime factors of 35286?
2, 3, 5881
What are the prime factors of 3796?
2, 13, 73
List the prime factors of 69158.
2, 151, 229
What are the prime factors of 1294?
2, 647
List the prime factors of 1452.
2, 3, 11
List the prime factors of 131027.
13, 10079
What are the prime factors of 45095?
5, 29, 311
List the prime factors of 231.
3, 7, 11
What are the prime factors of 1626?
2, 3, 271
List the prime factors of 96384.
2, 3, 251
What are the prime factors of 248?
2, 31
List the prime factors of 11089.
13, 853
List the prime factors of 656.
2, 41
List the prime factors of 7331.
7331
List the prime factors of 3563.
7, 509
List the prime factors of 10655.
5, 2131
What are the prime factors of 58?
2, 29
List the prime factors of 283.
283
What are the prime factors of 931?
7, 19
What are the prime factors of 158?
2, 79
List the prime factors of 7766.
2, 11, 353
What are the prime factors of 907?
907
What are the prime factors of 5369?
7, 13, 59
List the prime factors of 26307.
3, 37, 79
List the prime factors of 867.
3, 17
List the prime factors of 2091.
3, 17, 41
What are the prime factors of 325?
5, 13
What are the prime factors of 3185?
5, 7, 13
What are the prime factors of 9588?
2, 3, 17, 47
List the prime factors of 158173.
61, 2593
What are the prime factors of 26531?
43, 617
List the prime factors of 65814.
2, 3, 7, 1567
List the prime factors of 50067.
3, 5563
What are the prime factors of 1429?
1429
What are the prime factors of 1797?
3, 599
What are the prime factors of 1706?
2, 853
List the prime factors of 601.
601
What are the prime factors of 444?
2, 3, 37
What are the prime factors of 23205?
3, 5, 7, 13, 17
What are the prime factors of 1191?
3, 397
What are the prime factors of 3142?
2, 1571
List the prime factors of 53504.
2, 11, 19
What are the prime factors of 1403?
23, 61
List the prime factors of 119.
7, 17
What are the prime fac